{"id":53,"date":"2025-05-26T22:06:06","date_gmt":"2025-05-26T20:06:06","guid":{"rendered":"https:\/\/dengodehyrde.katolsk.no\/?page_id=53"},"modified":"2025-05-26T22:15:03","modified_gmt":"2025-05-26T20:15:03","slug":"kurs","status":"publish","type":"page","link":"https:\/\/dengodehyrde.katolsk.no\/index.php\/kurs\/","title":{"rendered":"Kurs"},"content":{"rendered":"\n<h1 class=\"wp-block-heading\">Den Gode Hyrde formasjonsretrett for spedbarn og sm\u00e5barn i Bergen, 19.-24. september 2025<\/h1>\n\n\n\n<p>19.-24. september 2025 p\u00e5 Marias Minde arrangeres f\u00f8rste del av en formasjonsretrett i Den Gode Hyrde-katekese for voksne, med fokus p\u00e5 barn 0-3 \u00e5r.\u00a0Andre del av kurset vil bli holdt 4.-9. mai 2026.<\/p>\n\n\n\n<p>Se mer informasjon her: <a href=\"https:\/\/dengodehyrde.katolsk.no\/index.php\/retrettformasjon-dgh-katekese-for-spedbarn-og-smabarn-0-3-ar-19-24-september-2025-4-9-mai-2026-st-paul-menighet-i-bergen\/\">https:\/\/dengodehyrde.katolsk.no\/index.php\/retrettformasjon-dgh-katekese-for-spedbarn-og-smabarn-0-3-ar-19-24-september-2025-4-9-mai-2026-st-paul-menighet-i-bergen\/<\/a><\/p>\n\n\n\n<p>P\u00e5meldingsfrist f\u00f8r sommerferien.<\/p>\n\n\n\n<div class=\"wp-block-buttons is-layout-flex wp-block-buttons-is-layout-flex\">\n<div class=\"wp-block-button\"><a class=\"wp-block-button__link wp-element-button\" href=\"https:\/\/bergen.katolsk.no\/wp-content\/uploads\/2025\/04\/Formasjonsretrett-i-Den-Gode-Hyrde-katekese-for-spedbarn-og-smabarn.pdf\" target=\"_blank\" rel=\"noreferrer noopener\">Brosjyre (pdf)<\/a><\/div>\n\n\n\n<div class=\"wp-block-button\"><a class=\"wp-block-button__link wp-element-button\" href=\"https:\/\/dengodehyrde.katolsk.no\/wp-content\/uploads\/2025\/05\/Formasjonsrett-DGHK-Smabarn-og-spedbarn-cmpr.pdf\" target=\"_blank\" rel=\"noreferrer noopener\">Plakat (pdf)<\/a><\/div>\n\n\n\n<div class=\"wp-block-button\"><a class=\"wp-block-button__link wp-element-button\" href=\"https:\/\/forms.gle\/vG5Gs4dYQLBA77Tu6\" target=\"_blank\" rel=\"noreferrer noopener\">P\u00e5meldingsskjema<\/a><\/div>\n<\/div>\n\n\n\n<hr class=\"wp-block-separator has-alpha-channel-opacity\"\/>\n\n\n\n<h1 class=\"wp-block-heading\">Kurs Niv\u00e5 1 i Kongsberg, h\u00f8st 2025 &#8211; v\u00e5r 2027<\/h1>\n\n\n\n<p>Det arrangeres nytt kurs i niv\u00e5 1 i St Barbara menighet i Kongsberg. Kurset g\u00e5r over 4 helgekurs i h\u00f8st 2025, v\u00e5r og h\u00f8st 2026 og avsluttes i v\u00e5r 2027. P\u00e5meldingsfrist er 31. august 2025. <\/p>\n\n\n\n<p>Se mer info p\u00e5 denne siden: <a href=\"https:\/\/dengodehyrde.katolsk.no\/index.php\/kurs-i-den-gode-hyrde-katekese-niva-1-3-6-ar-i-kongsberg\/\">https:\/\/dengodehyrde.katolsk.no\/index.php\/kurs-i-den-gode-hyrde-katekese-niva-1-3-6-ar-i-kongsberg\/<\/a><\/p>\n\n\n\n<div class=\"wp-block-buttons is-layout-flex wp-block-buttons-is-layout-flex\">\n<div class=\"wp-block-button\"><a class=\"wp-block-button__link wp-element-button\" href=\"https:\/\/dengodehyrde.katolsk.no\/wp-content\/uploads\/2025\/05\/kursbrosjyre-25-27.pdf\">Brosjyre (pdf)<\/a><\/div>\n<\/div>\n\n\n\n<div style=\"height:10px\" aria-hidden=\"true\" class=\"wp-block-spacer\"><\/div>\n\n\n\n<hr class=\"wp-block-separator has-alpha-channel-opacity\"\/>\n\n\n\n<h1 class=\"wp-block-heading\">Tidligere kurs<\/h1>\n\n\n\n<p>Se <a href=\"https:\/\/dengodehyrde.katolsk.no\/index.php\/tidligere-kurs\/\">tidligere kurs<\/a> som har v\u00e6rt arrangert.<\/p>\n\n\n\n<p><\/p>\n","protected":false},"excerpt":{"rendered":"<p>Den Gode Hyrde formasjonsretrett for spedbarn og sm\u00e5barn i Bergen, 19.-24. september 2025 19.-24. september 2025 p\u00e5 Marias Minde arrangeres f\u00f8rste del av en formasjonsretrett i Den Gode Hyrde-katekese for voksne, med fokus p\u00e5 barn 0-3 \u00e5r.\u00a0Andre del av kurset &hellip; <a href=\"https:\/\/dengodehyrde.katolsk.no\/index.php\/kurs\/\">Les videre <span class=\"meta-nav\">&rarr;<\/span><\/a><\/p>\n","protected":false},"author":2,"featured_media":0,"parent":0,"menu_order":0,"comment_status":"closed","ping_status":"closed","template":"","meta":{"footnotes":""},"class_list":["post-53","page","type-page","status-publish","hentry"],"_links":{"self":[{"href":"https:\/\/dengodehyrde.katolsk.no\/index.php\/wp-json\/wp\/v2\/pages\/53","targetHints":{"allow":["GET"]}}],"collection":[{"href":"https:\/\/dengodehyrde.katolsk.no\/index.php\/wp-json\/wp\/v2\/pages"}],"about":[{"href":"https:\/\/dengodehyrde.katolsk.no\/index.php\/wp-json\/wp\/v2\/types\/page"}],"author":[{"embeddable":true,"href":"https:\/\/dengodehyrde.katolsk.no\/index.php\/wp-json\/wp\/v2\/users\/2"}],"replies":[{"embeddable":true,"href":"https:\/\/dengodehyrde.katolsk.no\/index.php\/wp-json\/wp\/v2\/comments?post=53"}],"version-history":[{"count":21,"href":"https:\/\/dengodehyrde.katolsk.no\/index.php\/wp-json\/wp\/v2\/pages\/53\/revisions"}],"predecessor-version":[{"id":7261,"href":"https:\/\/dengodehyrde.katolsk.no\/index.php\/wp-json\/wp\/v2\/pages\/53\/revisions\/7261"}],"wp:attachment":[{"href":"https:\/\/dengodehyrde.katolsk.no\/index.php\/wp-json\/wp\/v2\/media?parent=53"}],"curies":[{"name":"wp","href":"https:\/\/api.w.org\/{rel}","templated":true}]}}

<h1 class="wp-block-heading">Den Gode Hyrde formasjonsretrett for spedbarn og småbarn i Bergen, 19.-24. september 2025</h1>



<p>19.-24. september 2025 på Marias Minde arrangeres første del av en formasjonsretrett i Den Gode Hyrde-katekese for voksne, med fokus på barn 0-3 år. Andre del av kurset vil bli holdt 4.-9. mai 2026.</p>



<p>Se mer informasjon her: <a href="https://dengodehyrde.katolsk.no/index.php/retrettformasjon-dgh-katekese-for-spedbarn-og-smabarn-0-3-ar-19-24-september-2025-4-9-mai-2026-st-paul-menighet-i-bergen/">https://dengodehyrde.katolsk.no/index.php/retrettformasjon-dgh-katekese-for-spedbarn-og-smabarn-0-3-ar-19-24-september-2025-4-9-mai-2026-st-paul-menighet-i-bergen/</a></p>



<p>Påmeldingsfrist før sommerferien.</p>



<div class="wp-block-buttons is-layout-flex wp-block-buttons-is-layout-flex">
<div class="wp-block-button"><a class="wp-block-button__link wp-element-button" href="https://bergen.katolsk.no/wp-content/uploads/2025/04/Formasjonsretrett-i-Den-Gode-Hyrde-katekese-for-spedbarn-og-smabarn.pdf" target="_blank" rel="noreferrer noopener">Brosjyre (pdf)</a></div>



<div class="wp-block-button"><a class="wp-block-button__link wp-element-button" href="https://dengodehyrde.katolsk.no/wp-content/uploads/2025/05/Formasjonsrett-DGHK-Smabarn-og-spedbarn-cmpr.pdf" target="_blank" rel="noreferrer noopener">Plakat (pdf)</a></div>



<div class="wp-block-button"><a class="wp-block-button__link wp-element-button" href="https://forms.gle/vG5Gs4dYQLBA77Tu6" target="_blank" rel="noreferrer noopener">Påmeldingsskjema</a></div>
</div>



<hr class="wp-block-separator has-alpha-channel-opacity"/>



<h1 class="wp-block-heading">Kurs Nivå 1 i Kongsberg, høst 2025 &#8211; vår 2027</h1>



<p>Det arrangeres nytt kurs i nivå 1 i St Barbara menighet i Kongsberg. Kurset går over 4 helgekurs i høst 2025, vår og høst 2026 og avsluttes i vår 2027. Påmeldingsfrist er 31. august 2025. </p>



<p>Se mer info på denne siden: <a href="https://dengodehyrde.katolsk.no/index.php/kurs-i-den-gode-hyrde-katekese-niva-1-3-6-ar-i-kongsberg/">https://dengodehyrde.katolsk.no/index.php/kurs-i-den-gode-hyrde-katekese-niva-1-3-6-ar-i-kongsberg/</a></p>



<div class="wp-block-buttons is-layout-flex wp-block-buttons-is-layout-flex">
<div class="wp-block-button"><a class="wp-block-button__link wp-element-button" href="https://dengodehyrde.katolsk.no/wp-content/uploads/2025/05/kursbrosjyre-25-27.pdf">Brosjyre (pdf)</a></div>
</div>



<div style="height:10px" aria-hidden="true" class="wp-block-spacer"></div>



<hr class="wp-block-separator has-alpha-channel-opacity"/>



<h1 class="wp-block-heading">Tidligere kurs</h1>



<p>Se <a href="https://dengodehyrde.katolsk.no/index.php/tidligere-kurs/">tidligere kurs</a> som har vært arrangert.</p>



<p></p>

<p>Den Gode Hyrde formasjonsretrett for spedbarn og småbarn i Bergen, 19.-24. september 2025 19.-24. september 2025 på Marias Minde arrangeres første del av en formasjonsretrett i Den Gode Hyrde-katekese for voksne, med fokus på barn 0-3 år. Andre del av kurset &hellip; <a href="https://dengodehyrde.katolsk.no/index.php/kurs/">Les videre <span class="meta-nav">&rarr;</span></a></p>
